{"id":6837,"date":"2014-01-23T17:09:02","date_gmt":"2014-01-23T17:09:02","guid":{"rendered":"http:\/\/www.foto8.com\/live\/wp-content\/uploads\/2014\/01\/81.jpg"},"modified":"2014-01-23T17:09:02","modified_gmt":"2014-01-23T17:09:02","slug":"rabujador-closes-the-performance-2","status":"inherit","type":"attachment","link":"https:\/\/www.foto8.com\/live\/forcados-portuguese-bullfighters-eduardo-leal\/rabujador-closes-the-performance-2\/","title":{"rendered":""},"author":60,"comment_status":"open","ping_status":"open","template":"","meta":{"_mi_skip_tracking":false,"_monsterinsights_sitenote_active":false,"_monsterinsights_sitenote_note":"","_monsterinsights_sitenote_category":0,"jetpack_post_was_ever_published":false},"yoast_head":"<!-- This site is optimized with the Yoast SEO plugin v21.5 - https:\/\/yoast.com\/wordpress\/plugins\/seo\/ -->\n<title>- FOTO8<\/title>\n<meta name=\"robots\" content=\"index, follow, max-snippet:-1, max-image-preview:large, max-video-preview:-1\" \/>\n<link rel=\"canonical\" href=\"https:\/\/www.foto8.com\/live\/wp-content\/uploads\/2014\/01\/81.jpg\" \/>\n<meta property=\"og:locale\" content=\"en_US\" \/>\n<meta property=\"og:type\" content=\"article\" \/>\n<meta property=\"og:title\" content=\"- FOTO8\" \/>\n<meta property=\"og:description\" content=\"Rabujador closes the performance: Jo\u00e3o Madeira, member of the Forcados group of \u00c9vora, acts as the &#039;rabujador&#039; pulling the tail and riding in circles with the bull to close the performance, \u00c9vora arena, Portugal.\" \/>\n<meta property=\"og:url\" content=\"https:\/\/www.foto8.com\/live\/wp-content\/uploads\/2014\/01\/81.jpg\" \/>\n<meta property=\"og:site_name\" content=\"FOTO8\" \/>\n<meta property=\"article:publisher\" content=\"https:\/\/www.facebook.com\/Foto8\/\" \/>\n<meta property=\"og:image\" content=\"https:\/\/i0.wp.com\/www.foto8.com\/live\/wp-content\/uploads\/2014\/01\/81.jpg?fit=800%2C522&ssl=1\" \/>\n\t<meta property=\"og:image:width\" content=\"800\" \/>\n\t<meta property=\"og:image:height\" content=\"522\" \/>\n\t<meta property=\"og:image:type\" content=\"image\/jpeg\" \/>\n<script type=\"application\/ld+json\" class=\"yoast-schema-graph\">{\"@context\":\"https:\/\/schema.org\",\"@graph\":[{\"@type\":\"WebPage\",\"@id\":\"https:\/\/www.foto8.com\/live\/wp-content\/uploads\/2014\/01\/81.jpg\",\"url\":\"https:\/\/www.foto8.com\/live\/wp-content\/uploads\/2014\/01\/81.jpg\",\"name\":\"- FOTO8\",\"isPartOf\":{\"@id\":\"https:\/\/www.foto8.com\/live\/#website\"},\"datePublished\":\"2014-01-23T17:09:02+00:00\",\"dateModified\":\"2014-01-23T17:09:02+00:00\",\"breadcrumb\":{\"@id\":\"https:\/\/www.foto8.com\/live\/wp-content\/uploads\/2014\/01\/81.jpg#breadcrumb\"},\"inLanguage\":\"en-US\",\"potentialAction\":[{\"@type\":\"ReadAction\",\"target\":[\"https:\/\/www.foto8.com\/live\/wp-content\/uploads\/2014\/01\/81.jpg\"]}]},{\"@type\":\"BreadcrumbList\",\"@id\":\"https:\/\/www.foto8.com\/live\/wp-content\/uploads\/2014\/01\/81.jpg#breadcrumb\",\"itemListElement\":[{\"@type\":\"ListItem\",\"position\":1,\"name\":\"Home\",\"item\":\"https:\/\/www.foto8.com\/live\/\"},{\"@type\":\"ListItem\",\"position\":2,\"name\":\"Forcados, the Portuguese Bullfighters by Eduardo Leal\",\"item\":\"https:\/\/www.foto8.com\/live\/forcados-portuguese-bullfighters-eduardo-leal\/\"}]},{\"@type\":\"WebSite\",\"@id\":\"https:\/\/www.foto8.com\/live\/#website\",\"url\":\"https:\/\/www.foto8.com\/live\/\",\"name\":\"FOTO8\",\"description\":\"The home of photojournalism.\",\"publisher\":{\"@id\":\"https:\/\/www.foto8.com\/live\/#organization\"},\"potentialAction\":[{\"@type\":\"SearchAction\",\"target\":{\"@type\":\"EntryPoint\",\"urlTemplate\":\"https:\/\/www.foto8.com\/live\/?s={search_term_string}\"},\"query-input\":\"required name=search_term_string\"}],\"inLanguage\":\"en-US\"},{\"@type\":\"Organization\",\"@id\":\"https:\/\/www.foto8.com\/live\/#organization\",\"name\":\"FOTO8\",\"url\":\"https:\/\/www.foto8.com\/live\/\",\"logo\":{\"@type\":\"ImageObject\",\"inLanguage\":\"en-US\",\"@id\":\"https:\/\/www.foto8.com\/live\/#\/schema\/logo\/image\/\",\"url\":\"https:\/\/i0.wp.com\/www.foto8.com\/live\/wp-content\/uploads\/2023\/04\/foto8logo_blk.gif?fit=124%2C51&ssl=1\",\"contentUrl\":\"https:\/\/i0.wp.com\/www.foto8.com\/live\/wp-content\/uploads\/2023\/04\/foto8logo_blk.gif?fit=124%2C51&ssl=1\",\"width\":124,\"height\":51,\"caption\":\"FOTO8\"},\"image\":{\"@id\":\"https:\/\/www.foto8.com\/live\/#\/schema\/logo\/image\/\"},\"sameAs\":[\"https:\/\/www.facebook.com\/Foto8\/\",\"https:\/\/twitter.com\/foto8\"]}]}<\/script>\n<!-- \/ Yoast SEO plugin. -->","yoast_head_json":{"title":"- FOTO8","robots":{"index":"index","follow":"follow","max-snippet":"max-snippet:-1","max-image-preview":"max-image-preview:large","max-video-preview":"max-video-preview:-1"},"canonical":"https:\/\/www.foto8.com\/live\/wp-content\/uploads\/2014\/01\/81.jpg","og_locale":"en_US","og_type":"article","og_title":"- FOTO8","og_description":"Rabujador closes the performance: Jo\u00e3o Madeira, member of the Forcados group of \u00c9vora, acts as the 'rabujador' pulling the tail and riding in circles with the bull to close the performance, \u00c9vora arena, Portugal.","og_url":"https:\/\/www.foto8.com\/live\/wp-content\/uploads\/2014\/01\/81.jpg","og_site_name":"FOTO8","article_publisher":"https:\/\/www.facebook.com\/Foto8\/","og_image":[{"width":800,"height":522,"url":"https:\/\/i0.wp.com\/www.foto8.com\/live\/wp-content\/uploads\/2014\/01\/81.jpg?fit=800%2C522&ssl=1","type":"image\/jpeg"}],"schema":{"@context":"https:\/\/schema.org","@graph":[{"@type":"WebPage","@id":"https:\/\/www.foto8.com\/live\/wp-content\/uploads\/2014\/01\/81.jpg","url":"https:\/\/www.foto8.com\/live\/wp-content\/uploads\/2014\/01\/81.jpg","name":"- FOTO8","isPartOf":{"@id":"https:\/\/www.foto8.com\/live\/#website"},"datePublished":"2014-01-23T17:09:02+00:00","dateModified":"2014-01-23T17:09:02+00:00","breadcrumb":{"@id":"https:\/\/www.foto8.com\/live\/wp-content\/uploads\/2014\/01\/81.jpg#breadcrumb"},"inLanguage":"en-US","potentialAction":[{"@type":"ReadAction","target":["https:\/\/www.foto8.com\/live\/wp-content\/uploads\/2014\/01\/81.jpg"]}]},{"@type":"BreadcrumbList","@id":"https:\/\/www.foto8.com\/live\/wp-content\/uploads\/2014\/01\/81.jpg#breadcrumb","itemListElement":[{"@type":"ListItem","position":1,"name":"Home","item":"https:\/\/www.foto8.com\/live\/"},{"@type":"ListItem","position":2,"name":"Forcados, the Portuguese Bullfighters by Eduardo Leal","item":"https:\/\/www.foto8.com\/live\/forcados-portuguese-bullfighters-eduardo-leal\/"}]},{"@type":"WebSite","@id":"https:\/\/www.foto8.com\/live\/#website","url":"https:\/\/www.foto8.com\/live\/","name":"FOTO8","description":"The home of photojournalism.","publisher":{"@id":"https:\/\/www.foto8.com\/live\/#organization"},"potentialAction":[{"@type":"SearchAction","target":{"@type":"EntryPoint","urlTemplate":"https:\/\/www.foto8.com\/live\/?s={search_term_string}"},"query-input":"required name=search_term_string"}],"inLanguage":"en-US"},{"@type":"Organization","@id":"https:\/\/www.foto8.com\/live\/#organization","name":"FOTO8","url":"https:\/\/www.foto8.com\/live\/","logo":{"@type":"ImageObject","inLanguage":"en-US","@id":"https:\/\/www.foto8.com\/live\/#\/schema\/logo\/image\/","url":"https:\/\/i0.wp.com\/www.foto8.com\/live\/wp-content\/uploads\/2023\/04\/foto8logo_blk.gif?fit=124%2C51&ssl=1","contentUrl":"https:\/\/i0.wp.com\/www.foto8.com\/live\/wp-content\/uploads\/2023\/04\/foto8logo_blk.gif?fit=124%2C51&ssl=1","width":124,"height":51,"caption":"FOTO8"},"image":{"@id":"https:\/\/www.foto8.com\/live\/#\/schema\/logo\/image\/"},"sameAs":["https:\/\/www.facebook.com\/Foto8\/","https:\/\/twitter.com\/foto8"]}]}},"jetpack_sharing_enabled":true,"jetpack_shortlink":"https:\/\/wp.me\/a4ejRI-1Mh","description":{"rendered":"<p class=\"attachment\"><a href='https:\/\/i0.wp.com\/www.foto8.com\/live\/wp-content\/uploads\/2014\/01\/81.jpg?ssl=1'><img width=\"800\" height=\"522\" src=\"https:\/\/i0.wp.com\/www.foto8.com\/live\/wp-content\/uploads\/2014\/01\/81.jpg?fit=800%2C522&amp;ssl=1\" class=\"attachment-medium size-medium\" alt=\"\" decoding=\"async\" loading=\"lazy\" srcset=\"https:\/\/i0.wp.com\/www.foto8.com\/live\/wp-content\/uploads\/2014\/01\/81.jpg?w=800&amp;ssl=1 800w, https:\/\/i0.wp.com\/www.foto8.com\/live\/wp-content\/uploads\/2014\/01\/81.jpg?resize=150%2C97&amp;ssl=1 150w\" sizes=\"(max-width: 800px) 100vw, 800px\" data-attachment-id=\"6837\" data-permalink=\"https:\/\/www.foto8.com\/live\/forcados-portuguese-bullfighters-eduardo-leal\/rabujador-closes-the-performance-2\/\" data-orig-file=\"https:\/\/i0.wp.com\/www.foto8.com\/live\/wp-content\/uploads\/2014\/01\/81.jpg?fit=800%2C522&amp;ssl=1\" data-orig-size=\"800,522\" data-comments-opened=\"1\" data-image-meta=\"{&quot;aperture&quot;:&quot;0&quot;,&quot;credit&quot;:&quot;Eduardo Leal&quot;,&quot;camera&quot;:&quot;&quot;,&quot;caption&quot;:&quot;Jo\\u00e3o Madeira, member of the Forcados group of \\u00c9vora, acts as the &#039;rabujador&#039; pulling the tail and riding in circles with the bull to close the performance, \\u00c9vora arena, Portugal, 20th July 2013&quot;,&quot;created_timestamp&quot;:&quot;1374278933&quot;,&quot;copyright&quot;:&quot;Eduardo Leal \\u00a9\\rImage copyright remains property of the photographer unless otherwise agreed.\\rImages licensed only for the purpo&quot;,&quot;focal_length&quot;:&quot;0&quot;,&quot;iso&quot;:&quot;0&quot;,&quot;shutter_speed&quot;:&quot;0&quot;,&quot;title&quot;:&quot;Rabujador closes the performance&quot;}\" data-image-title=\"\" data-image-description=\"\" data-image-caption=\"&lt;p&gt;Rabujador closes the performance:&lt;br \/&gt;\nJo\u00e3o Madeira, member of the Forcados group of \u00c9vora, acts as the &#8216;rabujador&#8217; pulling the tail and riding in circles with the bull to close the performance, \u00c9vora arena, Portugal.&lt;\/p&gt;\n\" data-medium-file=\"https:\/\/i0.wp.com\/www.foto8.com\/live\/wp-content\/uploads\/2014\/01\/81.jpg?fit=800%2C522&amp;ssl=1\" data-large-file=\"https:\/\/i0.wp.com\/www.foto8.com\/live\/wp-content\/uploads\/2014\/01\/81.jpg?fit=800%2C522&amp;ssl=1\" \/><\/a><\/p>\n"},"caption":{"rendered":"<p>Rabujador closes the performance:<br \/>\nJo\u00e3o Madeira, member of the Forcados group of \u00c9vora, acts as the &#8216;rabujador&#8217; pulling the tail and riding in circles with the bull to close the performance, \u00c9vora arena, Portugal.<\/p>\n"},"alt_text":"","media_type":"image","mime_type":"image\/jpeg","media_details":{"width":800,"height":522,"file":"2014\/01\/81.jpg","sizes":{"thumbnail":{"file":"81-150x97.jpg","width":150,"height":97,"mime_type":"image\/jpeg","source_url":"https:\/\/i0.wp.com\/www.foto8.com\/live\/wp-content\/uploads\/2014\/01\/81.jpg?fit=150%2C97&ssl=1"},"post-thumbnail":{"file":"81-185x170.jpg","width":185,"height":170,"mime_type":"image\/jpeg","source_url":"https:\/\/i0.wp.com\/www.foto8.com\/live\/wp-content\/uploads\/2014\/01\/81.jpg?resize=185%2C170&ssl=1"},"full":{"file":"81.jpg?fit=800%2C522&ssl=1","width":800,"height":522,"mime_type":"image\/jpeg","source_url":"https:\/\/i0.wp.com\/www.foto8.com\/live\/wp-content\/uploads\/2014\/01\/81.jpg?fit=800%2C522&ssl=1"}},"image_meta":{"aperture":0,"credit":"Eduardo Leal","camera":"","caption":"Jo\u00e3o Madeira, member of the Forcados group of \u00c9vora, acts as the 'rabujador' pulling the tail and riding in circles with the bull to close the performance, \u00c9vora arena, Portugal, 20th July 2013","created_timestamp":1374278933,"copyright":"Eduardo Leal \u00a9\rImage copyright remains property of the photographer unless otherwise agreed.\rImages licensed only for the purpo","focal_length":0,"iso":0,"shutter_speed":0,"title":"Rabujador closes the performance"}},"post":6829,"source_url":"https:\/\/www.foto8.com\/live\/wp-content\/uploads\/2014\/01\/81.jpg","_links":{"self":[{"href":"https:\/\/www.foto8.com\/live\/wp-json\/wp\/v2\/media\/6837"}],"collection":[{"href":"https:\/\/www.foto8.com\/live\/wp-json\/wp\/v2\/media"}],"about":[{"href":"https:\/\/www.foto8.com\/live\/wp-json\/wp\/v2\/types\/attachment"}],"author":[{"embeddable":true,"href":"https:\/\/www.foto8.com\/live\/wp-json\/wp\/v2\/users\/60"}],"replies":[{"embeddable":true,"href":"https:\/\/www.foto8.com\/live\/wp-json\/wp\/v2\/comments?post=6837"}]}}

<!-- This site is optimized with the Yoast SEO plugin v21.5 - https://yoast.com/wordpress/plugins/seo/ -->
<title>- FOTO8</title>
<meta name="robots" content="index, follow, max-snippet:-1, max-image-preview:large, max-video-preview:-1" />
<link rel="canonical" href="https://www.foto8.com/live/wp-content/uploads/2014/01/81.jpg" />
<meta property="og:locale" content="en_US" />
<meta property="og:type" content="article" />
<meta property="og:title" content="- FOTO8" />
<meta property="og:description" content="Rabujador closes the performance: João Madeira, member of the Forcados group of Évora, acts as the &#039;rabujador&#039; pulling the tail and riding in circles with the bull to close the performance, Évora arena, Portugal." />
<meta property="og:url" content="https://www.foto8.com/live/wp-content/uploads/2014/01/81.jpg" />
<meta property="og:site_name" content="FOTO8" />
<meta property="article:publisher" content="https://www.facebook.com/Foto8/" />
<meta property="og:image" content="https://i0.wp.com/www.foto8.com/live/wp-content/uploads/2014/01/81.jpg?fit=800%2C522&ssl=1" />
	<meta property="og:image:width" content="800" />
	<meta property="og:image:height" content="522" />
	<meta property="og:image:type" content="image/jpeg" />
<script type="application/ld+json" class="yoast-schema-graph">{"@context":"https://schema.org","@graph":[{"@type":"WebPage","@id":"https://www.foto8.com/live/wp-content/uploads/2014/01/81.jpg","url":"https://www.foto8.com/live/wp-content/uploads/2014/01/81.jpg","name":"- FOTO8","isPartOf":{"@id":"https://www.foto8.com/live/#website"},"datePublished":"2014-01-23T17:09:02+00:00","dateModified":"2014-01-23T17:09:02+00:00","breadcrumb":{"@id":"https://www.foto8.com/live/wp-content/uploads/2014/01/81.jpg#breadcrumb"},"inLanguage":"en-US","potentialAction":[{"@type":"ReadAction","target":["https://www.foto8.com/live/wp-content/uploads/2014/01/81.jpg"]}]},{"@type":"BreadcrumbList","@id":"https://www.foto8.com/live/wp-content/uploads/2014/01/81.jpg#breadcrumb","itemListElement":[{"@type":"ListItem","position":1,"name":"Home","item":"https://www.foto8.com/live/"},{"@type":"ListItem","position":2,"name":"Forcados, the Portuguese Bullfighters by Eduardo Leal","item":"https://www.foto8.com/live/forcados-portuguese-bullfighters-eduardo-leal/"}]},{"@type":"WebSite","@id":"https://www.foto8.com/live/#website","url":"https://www.foto8.com/live/","name":"FOTO8","description":"The home of photojournalism.","publisher":{"@id":"https://www.foto8.com/live/#organization"},"potentialAction":[{"@type":"SearchAction","target":{"@type":"EntryPoint","urlTemplate":"https://www.foto8.com/live/?s={search_term_string}"},"query-input":"required name=search_term_string"}],"inLanguage":"en-US"},{"@type":"Organization","@id":"https://www.foto8.com/live/#organization","name":"FOTO8","url":"https://www.foto8.com/live/","logo":{"@type":"ImageObject","inLanguage":"en-US","@id":"https://www.foto8.com/live/#/schema/logo/image/","url":"https://i0.wp.com/www.foto8.com/live/wp-content/uploads/2023/04/foto8logo_blk.gif?fit=124%2C51&ssl=1","contentUrl":"https://i0.wp.com/www.foto8.com/live/wp-content/uploads/2023/04/foto8logo_blk.gif?fit=124%2C51&ssl=1","width":124,"height":51,"caption":"FOTO8"},"image":{"@id":"https://www.foto8.com/live/#/schema/logo/image/"},"sameAs":["https://www.facebook.com/Foto8/","https://twitter.com/foto8"]}]}</script>
<!-- / Yoast SEO plugin. -->

Rabujador closes the performance: João Madeira, member of the Forcados group of Évora, acts as the 'rabujador' pulling the tail and riding in circles with the bull to close the performance, Évora arena, Portugal.

<p class="attachment"><a href='https://i0.wp.com/www.foto8.com/live/wp-content/uploads/2014/01/81.jpg?ssl=1'><img width="800" height="522" src="https://i0.wp.com/www.foto8.com/live/wp-content/uploads/2014/01/81.jpg?fit=800%2C522&amp;ssl=1" class="attachment-medium size-medium" alt="" decoding="async" loading="lazy" srcset="https://i0.wp.com/www.foto8.com/live/wp-content/uploads/2014/01/81.jpg?w=800&amp;ssl=1 800w, https://i0.wp.com/www.foto8.com/live/wp-content/uploads/2014/01/81.jpg?resize=150%2C97&amp;ssl=1 150w" sizes="(max-width: 800px) 100vw, 800px" data-attachment-id="6837" data-permalink="https://www.foto8.com/live/forcados-portuguese-bullfighters-eduardo-leal/rabujador-closes-the-performance-2/" data-orig-file="https://i0.wp.com/www.foto8.com/live/wp-content/uploads/2014/01/81.jpg?fit=800%2C522&amp;ssl=1" data-orig-size="800,522" data-comments-opened="1" data-image-meta="{&quot;aperture&quot;:&quot;0&quot;,&quot;credit&quot;:&quot;Eduardo Leal&quot;,&quot;camera&quot;:&quot;&quot;,&quot;caption&quot;:&quot;Jo\u00e3o Madeira, member of the Forcados group of \u00c9vora, acts as the &#039;rabujador&#039; pulling the tail and riding in circles with the bull to close the performance, \u00c9vora arena, Portugal, 20th July 2013&quot;,&quot;created_timestamp&quot;:&quot;1374278933&quot;,&quot;copyright&quot;:&quot;Eduardo Leal \u00a9\rImage copyright remains property of the photographer unless otherwise agreed.\rImages licensed only for the purpo&quot;,&quot;focal_length&quot;:&quot;0&quot;,&quot;iso&quot;:&quot;0&quot;,&quot;shutter_speed&quot;:&quot;0&quot;,&quot;title&quot;:&quot;Rabujador closes the performance&quot;}" data-image-title="" data-image-description="" data-image-caption="&lt;p&gt;Rabujador closes the performance:&lt;br /&gt;
João Madeira, member of the Forcados group of Évora, acts as the &#8216;rabujador&#8217; pulling the tail and riding in circles with the bull to close the performance, Évora arena, Portugal.&lt;/p&gt;
" data-medium-file="https://i0.wp.com/www.foto8.com/live/wp-content/uploads/2014/01/81.jpg?fit=800%2C522&amp;ssl=1" data-large-file="https://i0.wp.com/www.foto8.com/live/wp-content/uploads/2014/01/81.jpg?fit=800%2C522&amp;ssl=1" /></a></p>

<p>Rabujador closes the performance:<br />
João Madeira, member of the Forcados group of Évora, acts as the &#8216;rabujador&#8217; pulling the tail and riding in circles with the bull to close the performance, Évora arena, Portugal.</p>

João Madeira, member of the Forcados group of Évora, acts as the 'rabujador' pulling the tail and riding in circles with the bull to close the performance, Évora arena, Portugal, 20th July 2013
